o base 13.
143
-223 (base 10) to base 5
-1343
Convert 7916 (base 10) to base 3.
101212012
Convert -131300 (base 4) to base 10.
-1904
Convert 300223 (base 4) to base 3.
11021101
Convert 4080 (base 9) to base 6.
21500
126734 (base 8) to base 13
17349
What is 52 (base 8) in base 6?
110
255a6 (base 11) to base 3
1212021201
Convert -457 (base 9) to base 6.
-1424
Convert 244002 (base 7) to base 16.
ae30
What is -5547 (base 8) in base 11?
-2214
What is 110025 (base 7) in base 5?
1103402
269 (base 10) to base 16
10d
What is -362 (base 9) in base 11?
-252
Convert 18c7 (base 15) to base 16.
14f2
Convert 682c (base 13) to base 10.
14572
-6341 (base 7) to base 13
-102b
12034 (base 10) to base 3
121111201
Convert -100100000000001 (base 2) to base 15.
-56dd
What is -12012 (base 4) in base 7?
-1065
What is -710 (base 13) in base 3?
-1122022
Convert 11111011 (base 4) to base 14.
7d53
What is -1154 (base 7) in base 9?
-528
Convert 2480 (base 12) to base 11.
3113
What is 11111100110 (base 2) in base 3?
2202220
132 (base 12) to base 16
b6
What is bdb (base 16) in base 11?
230a
Convert -231233 (base 4) to base 15.
-d02
What is -25a1 (base 11) in base 10?
-3378
Convert 1031312 (base 4) to base 8.
11566
Convert 1524 (base 12) to base 13.
1186
Convert 225625 (base 7) to base 16.
9dfc
What is -767 (base 8) in base 9?
-618
-70 (base 10) to base 15
-4a
What is -7980 (base 15) in base 13?
-b964
Convert 57c (base 13) to base 12.
670
What is 173c (base 16) in base 11?
4518
Convert -67 (base 16) to base 12.
-87
-3452 (base 8) to base 12
-108a
1b5 (base 13) to base 14
189
What is 1884 (base 12) in base 9?
4071
-1830 (base 9) to base 6
-10300
21646 (base 7) to base 4
1111201
What is 9616 (base 11) in base 14?
48ca
Convert 306 (base 12) to base 4.
12312
Convert -2232023 (base 4) to base 12.
-654b
Convert 10011110 (base 2) to base 11.
134
Convert -20330 (base 4) to base 5.
-4242
Convert -2001002221 (base 3) to base 11.
-28202
What is 333022 (base 4) in base 11?
3045
What is 3073 (base 10) in base 6?
22121
What is 1013132 (base 4) in base 5?
121244
Convert 953d (base 16) to base 8.
112475
-1023400 (base 5) to base 13
-7b88
What is 2036 (base 9) in base 4?
113103
What is cc8 (base 15) in base 8?
5510
Convert -1240 (base 5) to base 4.
-3003
-1000111000011000 (base 2) to base 9
-54807
-24215 (base 6) to base 7
-13214
Convert 1866 (base 9) to base 8.
2635
Convert -130 (base 13) to base 8.
-320
Convert -1503 (base 13) to base 15.
-d80
Convert -2bb8 (base 12) to base 9.
-7085
Convert 10653 (base 8) to base 5.
121043
102240 (base 5) to base 11
2652
-20111 (base 4) to base 3
-201202
5c (base 16) to base 15
62
62 (base 16) to base 13
77
What is -549 (base 11) in base 8?
-1222
-544 (base 8) to base 12
-258
Convert 2256 (base 8) to base 15.
54d
What is -3290 (base 10) in base 13?
-1661
27a7 (base 14) to base 8
15537
-1 (base 7) to base 8
-1
What is 47371 (base 11) in base 13?
25137
What is -1161 (base 7) in base 11?
-366
What is 113211 (base 4) in base 16?
5e5
What is 1a4b (base 13) in base 6?
30142
What is 103106 (base 7) in base 8?
42743
-10b1 (base 15) to base 8
-6725
Convert 1540e (base 16) to base 13.
30816
Convert -150 (base 14) to base 15.
-12b
Convert 2211110 (base 4) to base 3.
112111212
Convert -484 (base 14) to base 10.
-900
What is -1112 (base 4) in base 16?
-56
a0 (base 16) to base 11
136
3491 (base 13) to base 15
22c5
Convert -c21b (base 15) to base 16.
-a010
What is 687 (base 9) in base 16?
235
What is -130461 (base 7) in base 3?
-1020021010
Convert -5c60 (base 14) to base 9.
-24141
-4086 (base 16) to base 6
-204250
1002211 (base 3) to base 12
571
-7a74 (base 11) to base 15
-3223
Convert 200122 (base 3) to base 15.
238
Convert -200121100 (base 3) to base 12.
-7a23
What is -3415 (base 7) in base 14?
-645
-106366 (base 7) to base 10
-19060
Convert -100100111110011 (base 2) to base 13.
-8803
Convert 73e (base 15) to base 5.
23014
12 (base 3) to base 2
101
What is -3323213 (base 4) in base 15?
-4b88
What is 10001000100101 (base 2) in base 15?
28cb
What is -22211222 (base 3) in base 6?
-45512
What is 1279 (base 16) in base 14?
1a1b
382 (base 12) to base 14
29c
-1100000100010 (base 2) to base 5
-144203
Convert 12244 (base 5) to base 13.
580
What is 3212 (base 6) in base 7?
2060
Convert -bc7 (base 14) to base 9.
-3170
191 (base 13) to base 5
2122
Convert 78 (base 13) to base 16.
63
What is -20a3 (base 15) in base 8?
-15367
What is 1210100 (base 3) in base 9?
1710
Convert 156 (base 16) to base 9.
420
What is -2dc (base 15) in base 13?
-3b7
Convert 645 (base 8) to base 15.
1d1
What is -10001010001110 (base 2) in base 7?
-34535
Convert 1067 (base 10) to base 9.
1415
200 (base 13) to base 2
101010010
Convert 252 (base 14) to base 13.
299
What is 310 (base 8) in base 3?
21102
What is -1729 (base 11) in base 4?
-202201
What is -111100001110010 (base 2) in base 5?
-1441314
What is -2230100 (base 4) in base 11?
-8312
What is -6699 (base 11) in base 6?
-104500
What is -1022220 (base 3) in base 9?
-1286
What is 196a2 (base 13) in base 9?
74777
12143 (base 6) to base 8
3377
What is 2144 (base 6) in base 4?
13300
What is -618 (base 9) in base 6?
-2155
What is -17e (base 15) in base 11?
-293
-2001200 (base 3) to base 15
-6a3
What is -115400 (base 7) in base 15?
-63ce
Convert -42ac (base 15) to base 11.
-a66a
-150523 (base 7) to base 2
-111000110010010
-102011 (base 3) to base 15
-151
100110111110 (base 2) to base 15
b14
What is -a47 (base 11) in base 15?
-591
What is -46076 (base 9) in base 8?
-73737
Convert 101110010001010 (base 2) to base 4.
11302022
Convert 103 (base 8) to base 2.
1000011
10101110000 (base 2) to base 11
1056
Convert -3101321 (base 4) to base 3.
-200102112
Convert a1d (base 14) to base 15.
8c7
What is -1143 (base 5) in base 3?
-20102
Convert 2546 (base 7) to base 14.
4cd
What is -2697 (base 13) in base 6?
-41340
Convert 455 (base 9) to base 12.
272
Convert -4034 (base 5) to base 12.
-373
578 (base 9) to base 12
338
What is 628 (base 10) in base 13?
394
Convert 3663 (base 7) to base 12.
960
-344b (base 16) to base 8
-32113
What is a40 (base 11) in base 10?
1254
430 (base 5) to base 10
115
What is -246 (base 14) in base 12?
-31a
What is -384 (base 16) in base 12?
-630
What is -80d (base 14) in base 8?
-3055
25164 (base 10) to base 8
61114
-10442 (base 5) to base 7
-2115
Convert 6335 (base 7) to base 8.
4267
What is 51430 (base 6) in base 11?
5175
What is 344 (base 6) in base 3?
12001
40313 (base 5) to base 12
15b3
What is -1641 (base 7) in base 13?
-3c3
-13146 (base 10) to base 4
-3031122
What is 4245 (base 8) in base 14?
b41
-10416 (base 9) to base 16
-1af4
What is -2010002 (base 3) in base 9?
-2102
Convert -297 (base 13) to base 5.
-3322
-4136 (base 10) to base 12
-2488
Convert 245 (base 14) to base 4.
13011
What is -2002000 (base 4) in base 7?
-33154
What is -2134 (base 7) in base 13?
-466
3363 (base 9) to base 15
b0c
Convert 30223 (base 4) to base 5.
11221
-41413 (base 5) to base 8
-5255
Convert -8687 (base 10) to base 14.
-3247
What is 768 (base 16) in base 11?
1474
What is 1204 (base 5) in base 7?
344
-30250 (base 6) to base 13
-1a7c
-28031 (base 11) to base 15
-bc94
Convert 117436 (base 8) to base 4.
21330132
Convert 2725 (base 8) to base 2.
10111010101
What is -6d (base 15) in base 2?
-1100111
-44ea (base 16) to base 5
-1031032
-923 (base 11) to base 4
-101122
What is -2c0 (base 15) in base 11?
-523
What is -254240 (base 6) in base 7?
-124014
1000100001 (base 2) to base 8
1041
What is 657 (base 12) in base 16?
3a3
Convert -1209 (base 12) to base 5.
-31100
Convert -d6b3 (base 15) to base 16.
-b151
What is 5822 (base 10) in base 12?
3452
What is -2301130 (base 4) in base 8?
-26134
7788 (base 10) to base 3
101200110
-36 (base 13) to base 2
-101101
-10101111011 (base 2) to base 13
-83c
What is -229e (base 15) in base 16?
-1cb5
10011211 (base 3) to base 2
100100001101
Convert 211341 (base 5) to base 4.
1232320
Convert 1012201202 (base 3) to base 15.
710b
What is 301a (base 15) in base 10?
10150
-176 (base 11) to base 4
-3030
Convert -8373 (base 14) to base 4.
-11201301
Convert -2270 (base 16) to base 14.
-32da
Convert 2af9 (base 16) to base 9.
16073
Convert -263b (base 13) to base 2.
-1010101010010
What is -3001213 (base 4) in base 10?
-12391
-206 (base 11) to base 10
